c**2 + 545 - 546 + c - c**m. Calculate r(4).
3
Let c(a) = -17*a + 1. Suppose u - 16 = 17*u. Give c(u).
18
Let c(s) = 2*s - 1. Let t be 4/(-24)*142*-3. Let m = t + -68. Determine c(m).
5
Suppose -4*v = -5*n + 40, -2*v = -3*v - 3*n - 10. Let t(h) = -2*h - 63. Let s(z) = -z - 33. Let m(f) = -11*s(f) + 6*t(f). Determine m(v).
-5
Let a(w) be the second derivative of -w**5/10 + w**4/12 - w**2/2 - 118*w + 2. What is a(-1)?
2
Let g(k) be the first derivative of -k**4/4 + 3*k**3 - 9*k**2/2 - k - 227. Determine g(7).
34
Let o(b) be the first derivative of 3/4*b**4 + b + 16 + 0*b**2 - 1/3*b**3. Calculate o(-1).
-3
Let m(r) = r**2 - 5*r. Let b(q) = q**3 + 4*q**2 - 14*q + 3. Let s be b(-6). Suppose -3*o - 56 + s = -5*p, 3*p - 2*o - 25 = 0. What is m(p)?
14
Let g(v) = -5*v**2 + 1. Suppose -3*w = h + 8, h = 2*w - 2 - 1. Let m(r) = -r**2 - r. Let d(u) = w*g(u) + 4*m(u). What is d(5)?
4
Let v(p) = -6*p**3 + 4*p**2 + 4*p - 11. Let n(w) = -5*w**3 + 3*w**2 + 3*w - 10. Let h(u) = 7*n(u) - 6*v(u). Suppose 113 = 53*r - 99. What is h(r)?
0
Let d(h) = 12*h + 9*h**2 - 4*h - 4 - 11*h**2. Give d(5).
-14
Let o(v) be the first derivative of v**4/4 - 2*v**3 - 5*v**2 - v + 150. Give o(7).
-22
Let p(o) = 2*o**2 - 3*o + 1. Let a(x) = -6*x - 19. Let j be a(-5). Suppose h + 20 = j*h. Give p(h).
3
Let j(b) = -b**2 + 2*b - 4. Let i be (1/3)/(51/(-27) + 2). Give j(i).
-7
Let o(s) = -12*s**3 + 29*s**3 + 7 - 18*s**3 + 6*s**2 + 6*s. Determine o(7).
0
Let k(p) = -2 - 3*p**2 - 4*p**2 + 0 - 4 + 11*p + 6*p**2. What is k(7)?
22
Suppose -5*v + 1 = -9. Let a be 2/4 - 7/14. Let k(w) = -3 + a*w + 5*w - w. What is k(v)?
5
Let u(g) = -g**2 + 13*g - 28. Let f(a) = -a**2 - 3*a + 10. Let x be f(0). Calculate u(x).
2
Suppose -f + 3 = -0*f. Let r(o) = f - 2 + o + 0. What is r(-1)?
0
Let d(h) = -h + 10. Let j be (14/7 + 1 + 1)*-4. Let z = j - -23. Calculate d(z).
3
Suppose 3*y = c + 1, 10*c - 5*c - 27 = -y. Let a(l) be the first derivative of l**4/4 - l**3/3 - l**2/2 + 99. Calculate a(y).
2
Let j(l) be the first derivative of -l**3 - l - 1. Let s = -20 + 19. Calculate j(s).
-4
Let f(l) = 58 + l**3 - l**2 - 21*l - 60 + 18*l. What is f(-2)?
-8
Let f(a) = -a**2 - a + 1. Let b(m) = 4*m - 18. Let r(j) = -j**3 - 8*j**2 - 4*j - 27. Let q be r(-8). Let w be b(q). Determine f(w).
-5
Let v(c) = 12*c - 2. Let x(d) = -13*d + 2. Let k(n) = -6*v(n) - 5*x(n). Calculate k(2).
-12
Suppose 19 = 4*u + p, 9*p - 4*p - 11 = u. Suppose -27 + u = 5*w - 4*y, 3*y = w - 2. Let h(t) = t**2 + 5*t - 7. Determine h(w).
7
Suppose -29*b = -11 - 18. Let k(i) = 7*i**3 + i**2 - 4*i + 3. Calculate k(b).
7
Let f be -10*(-2 - 9/(-6)). Let k(y) = 2*y**2 - 9*y - 14. Let q be k(6). Let s(i) = -163 + 168 - q*i + 5*i. Calculate s(f).
10
Let l be 4/((-2)/4*-1). Let q(c) = -8*c**2 - 8 - c + c + c**3 + 2*c. Determine q(l).
8
Let z(d) = d**2 - 4*d - 5. Let u be z(6). Let r = u + -6. Suppose 6*q - 31 = -r. Let c(s) = -s**3 + 7*s**2 - 8*s + 3. Calculate c(q).
13
Let y(u) = 7*u**2 + 4*u + 3. Let w = -7 - -13. Let p(a) = 0*a - 7*a - 39 - 13*a**2 + 33. Let r(v) = w*p(v) + 11*y(v). Give r(3).
-6
Let n(t) = -2*t**2 + 2. Let w be 2/(-18)*3*6*-1. Suppose -f - 2*g + 6*g = 14, f - w*g + 8 = 0. Give n(f).
-6
Let u(r) = -12 + 5 + 26 - 15 + 11*r. What is u(3)?
37
Let o(l) be the first derivative of l**2/2 + l - 5. Let y(a) = -a**3 - 8*a**2 - 3*a. Let c be y(-7). Let v be (-1)/((-4)/c) + 3. Calculate o(v).
-3
Let s(p) = 807*p + 804*p - 1608*p + 22. Calculate s(-9).
-5
Let g(b) = -4 + b**2 - b - 5*b + 6 + 9 - 2*b**2. What is g(-11)?
-44
Let c = 496 - 497. Let k(m) = 10*m - 2. What is k(c)?
-12
Let h(f) = -2*f**2 + 6*f - 1. Let i(j) be the third derivative of 0 - j**3 + 1/60*j**5 - 1/8*j**4 + 0*j - 2*j**2. Let r be i(5). Give h(r).
-9
Let b = 33 + -36. Let s(l) = 6*l**3 - 6*l**2 - 3*l - 4. Let f(i) = i**3 - 2*i**2 - i. Let d(p) = -5*f(p) + s(p). Calculate d(b).
-1
Let j(m) be the third derivative of 0 + 4*m**2 + 1/12*m**4 + 0*m + 1/6*m**3. Determine j(2).
5
Let i(f) be the first derivative of 5/2*f**2 - 1/2*f**4 - 2/3*f**3 + 2*f + 2. What is i(-3)?
23
Let s(l) = -l**3 + 17*l**2 - 17*l + 23. Let q be ((3 - 5) + 3)/((-12)/(-192)). Give s(q).
7
Let x(z) = -10*z + 22. Let o(f) = -7*f + 15. Let y(h) = 7*o(h) - 5*x(h). Give y(3).
-2
Let s(g) be the second derivative of g**4/12 - 2*g**3/3 - 7*g**2/2 - 44*g. Calculate s(7).
14
Let f(y) = y + 6. Let j be f(10). Let d = -15 + j. Let n(i) = 3*i + 3*i + d + 4*i - 3*i. Determine n(-1).
-6
Let l(m) = -m**3 - 5*m**2 - 13*m - 1. Let o = 36 - 42. Let p be l(o). Let d(t) = 2*t - 3*t + 105 - p. What is d(6)?
-14
Suppose 0*d - 4*d = 2*b - 196, d = 2*b + 44. Let i(q) = 1 + 100*q - d*q - 53*q. Let h be (3 - 4)/((-2)/(-6)). Determine i(h).
4
Let c = 1 - 3. Let m(f) = -5*f - 1. Let g be m(c). Let q(s) = -6*s - 2*s**2 - 3*s**2 + g*s**2 - 3*s**2 - 1. Give q(6).
-1
Suppose 0 = -b - 2*b + 9. Suppose -v = -b*t + 68, -6*v + 4 = -2*v. Let k = -17 + t. Let s(n) = -n**3 + 7*n**2 - 7*n - 2. What is s(k)?
-8
Let s(j) be the second derivative of -1/12*j**4 - 1/6*j**3 + 2*j**2 + 33*j + 1/20*j**5 + 0. Give s(0).
4
Let p be (-88)/16 - (1/2 + 0). Let y(x) = x**3 + 5*x**2 - 5*x + 3. Give y(p).
-3
Suppose m + 4*f - 1 = 4, 0 = -2*m + 4*f + 22. Let w(t) be the first derivative of t**4/4 - 8*t**3/3 - 5*t**2 + 6*t - 49. Determine w(m).
-3
Let x(v) = v**2 + 6*v - 5. Suppose a - 18 = -5*p, -12*a + 11*a - 4*p = -13. Give x(a).
2
Let u(z) = z**3 - 5*z**2 - 4*z - 9. Let v = 37 + -31. What is u(v)?
3
Let n(w) = -w**2 + 12*w + 19. Let r be n(13). Suppose -r*s = 4*s + 50. Let h(p) = 4*p + 5. Determine h(s).
-15
Let j(s) = s**2 + 2*s - 4. Let k = 151 - 144. Let w be (k - 1)/(-24) - 19/4. Determine j(w).
11
Let q(d) be the first derivative of -d**4/4 + 4*d**3/3 + 3*d**2 + 5*d + 594. Calculate q(5).
10
Let x be -1 - 2 - (-39 + 37). Let m(c) = -2 + 3*c - 2*c + 4 - 1. What is m(x)?
0
Let c(w) = -w**3 - 6*w**2 - 6*w - 6. Let v be -5 + (-1 - 2 - -3). Determine c(v).
-1
Let u(h) = 3 + 106*h**2 - 105*h**2 - 4*h + 2 + 2*h. Let i(f) = -5*f**2 + 9*f - 21. Let z(d) = -2*i(d) - 9*u(d). Determine z(3).
6
Let v = 1048 - 1048. Let u(i) = -2*i**2 - i - 9. Give u(v).
-9
Let u(b) = -5*b**2 + 8*b - 9. Suppose 0 = y + 28*i - 29*i, -2*y - i = -12. Calculate u(y).
-57
Let b(c) be the third derivative of -c**6/120 + c**5/4 + c**4/24 - 2*c**3 + 300*c**2. Calculate b(15).
3
Let j(z) = -5*z**3 + 2*z**2 - z - 2. Let h(s) = -7*s**3 + 3*s**2 - 3*s - 1. Let r(m) = -3*h(m) + 4*j(m). Determine r(2).
9
Let v = -23 - -24. Let t be (v/(-1))/((-2)/(-4)). Let r(u) = 2*u**2 - 2. Determine r(t).
6
Let t(g) = -g + 15. Let o(q) = 8*q + 24. Let j be o(-2). Calculate t(j).
7
Let j(q) = 3*q**2 - 2*q - 3. Let s(n) = 15*n - 10. Let p be s(1). What is j(p)?
62
Let o(s) be the third derivative of s**5/60 - s**4/12 + 7*s**3/3 + 15*s**2. Let m(k) be the first derivative of o(k). What is m(3)?
4
Let k(g) be the third derivative of g**4/24 + g**3 + 174*g**2. Give k(-3).
3
Let z(g) = -5*g**3 + 14*g**2 + 3*g - 9. Let k(h) = h**3 - h**2. Let x(a) = 6*k(a) + z(a). Determine x(-7).
19
Suppose 2*t = 2*q + 6, -5*q + 4*t - 13 = -3. Let o(z) be the third derivative of -z**5/30 - z**3/3 + 6*z**2. Calculate o(q).
-10
Let k(v) = -v**3 + 7*v**2 - 8*v - 1. Let d be (-2)/5*(6 + -3)*-5. Determine k(d).
-13
Let b(n) = -2*n**2 + 4*n - 1. Let p = -35 + 41. Let d be 31/11 + p/33. Determine b(d).
-7
Let v(l) = -l**2 + 15*l - 15. Suppose 29*h = 5*h + 336. Calculate v(h).
-1
Let c = 24 - 17. Suppose -c*v = v - 32. Let q(f) = -1 - 2*f - f**3 + 0*f**3 - 3 + 5*f**2. Determine q(v).
4
Let k(f) = 5*f**2 + 9. Let s(l) = -4*l**2 - l - 8. Let y(c) = -3*k(c) - 4*s(c). Determine y(-7).
26
Let d(v) = -v**3 + v**2 - v + 1. Let m be 132/21 + (-1 - (-25)/35). Let a be 2/m + (-4)/12. What is d(a)?
1
Suppose -2*z + z = a + 9, 0 = 3*a - 5*z + 51. Let j(b) = -1 - 16 - 3*b + 1 + 2*b. Calculate j(a).
-4
Let k(t) = -t**3 - 9*t**2 - 11*t - 9. Let f be (1/(-2))/(9*7/1008). Calculate k(f).
15
Let w(r) = 2*r**2 - 9 - 2*r - 5*r + 28*r - 16*r. Give w(-5).
16
Let z(t) = -2*t - 12 + 4 - 3 - 16 + t. What is z(0)?
-27
Let l be ((-16)/20)/(1/(-30)). Let w = l + -20. Suppose -w*c = -c. Let q(t) = t**2 + 7. Give q(c).
7
Let y(w) be the third derivative of w**4/24 - w**3/3 + 2*w**2. Let u = -55 + 164. Let n = -108 + u. Determine y(n).
-1
Let w(m) be the second derivative o